n base 13, what is 5 + 64?
69
In base 10, what is -4 - -158?
154
In base 15, what is -17 - -141?
129
In base 2, what is 1011101 - -110?
1100011
In base 11, what is 256 - 3?
253
In base 5, what is -2 + 2?
0
In base 15, what is -2c42 + -4?
-2c46
In base 11, what is 9 - -153?
161
In base 4, what is -232 + 13?
-213
In base 4, what is -3 + 1223323?
1223320
In base 4, what is -110 - -30?
-20
In base 13, what is -21 - 10?
-31
In base 7, what is -2134 - 0?
-2134
In base 7, what is -4 + -1011?
-1015
In base 14, what is 213 - -3?
216
In base 7, what is -300 - 1?
-301
In base 6, what is -42 - 203?
-245
In base 11, what is -3 + 85?
82
In base 14, what is 2 - -b5?
b7
In base 7, what is 1142 - 4?
1135
In base 3, what is 2122 - -2?
2201
In base 7, what is -531 + 0?
-531
In base 7, what is -133 - -205?
42
In base 8, what is 7 - 2?
5
In base 15, what is -681 + 0?
-681
In base 16, what is 5 - -356?
35b
In base 7, what is -64543 + 2?
-64541
In base 4, what is 200 - 1320?
-1120
In base 4, what is -2 + 12010?
12002
In base 2, what is -11 - 1011010000?
-1011010011
In base 13, what is 1a + -14?
6
In base 12, what is 3 - 18b?
-188
In base 5, what is -21 + -12?
-33
In base 3, what is -11 + -1010?
-1021
In base 6, what is 30 + 32?
102
In base 8, what is 44 - 37?
5
In base 6, what is -1 - -1100?
1055
In base 16, what is -5 + 32?
2d
In base 9, what is -3 + -66?
-70
In base 9, what is 4 - 632?
-627
In base 3, what is 2 + 22011202?
22011211
In base 9, what is 74 + 178?
263
In base 9, what is -5 - 420?
-425
In base 3, what is -111 + -20?
-201
In base 15, what is -1a6 - 5?
-1ab
In base 11, what is -116 + 2?
-114
In base 10, what is 25 + -206?
-181
In base 3, what is -1 - -11?
10
In base 7, what is 15641 - -3?
15644
In base 10, what is 1010 + 7?
1017
In base 15, what is 0 - 93?
-93
In base 6, what is -30 + 134?
104
In base 13, what is 51 + -3b?
13
In base 14, what is 2 + -22?
-20
In base 6, what is -104 + 21?
-43
In base 5, what is 13111 - -14?
13130
In base 14, what is 7a + 9?
85
In base 7, what is 14 + -120?
-103
In base 13, what is -2 + 35?
33
In base 4, what is -3 - 210?
-213
In base 8, what is -3 - 3?
-6
In base 2, what is 0 + -100110110?
-100110110
In base 6, what is -11130 - 4?
-11134
In base 16, what is a + -233?
-229
In base 8, what is 0 - 0?
0
In base 16, what is 61 + 0?
61
In base 9, what is -187 + -13?
-211
In base 9, what is -186 + 5?
-181
In base 9, what is 4 - 60?
-55
In base 5, what is -10 + 3442?
3432
In base 13, what is 2 + 101b?
1020
In base 7, what is 1 + -444?
-443
In base 4, what is -1 - -131221?
131220
In base 15, what is -1d4 - 0?
-1d4
In base 4, what is -11031 + -11?
-11102
In base 15, what is -6e4 + 2?
-6e2
In base 4, what is 30 + 1001?
1031
In base 7, what is -4513 - 6?
-4522
In base 9, what is -3 + -66?
-70
In base 5, what is 1 + 343?
344
In base 6, what is 102250 - 4?
102242
In base 5, what is -4 + 142?
133
In base 3, what is -100 + 11?
-12
In base 15, what is 54 + -e?
45
In base 9, what is -4 - 821?
-825
In base 15, what is -52 + 17?
-3a
In base 6, what is -54 - 1?
-55
In base 15, what is 12 + -e7?
-d5
In base 14, what is c62 + 2?
c64
In base 5, what is -101 - -211?
110
In base 7, what is -15 - 520?
-535
In base 8, what is -21043 - -1?
-21042
In base 11, what is -18 - 17?
-34
In base 5, what is -1 + 1301?
1300
In base 14, what is -175 + -1?
-176
In base 5, what is -10 + -2002?
-2012
In base 9, what is -5700 - 5?
-5705
In base 10, what is -21006 - 3?
-21009
In base 4, what is -10 + 321?
311
In base 6, what is 30 + -4?
22
In base 11, what is -17 - 4?
-20
In base 8, what is 4 - 244?
-240
In base 4, what is 132323 + -1?
132322
In base 13, what is 6 - 4a7?
-4a1
In base 13, what is 305 + -6?
2cc
In base 10, what is -5 - 19?
-24
In base 8, what is 64 + 2?
66
In base 14, what is -38 + -3?
-3b
In base 8, what is 166 - -17?
205
In base 13, what is -99 - 3?
-9c
In base 8, what is 723 + 12?
735
In base 6, what is 3202 + 24?
3230
In base 12, what is 3 + 105?
108
In base 3, what is -1112210220 - 12?
-1112211002
In base 10, what is 1269 - 2?
1267
In base 10, what is -1 - 1103?
-1104
In base 14, what is -4 + 5c7?
5c3
In base 7, what is -4 - -126?
122
In base 14, what is 3 + -373?
-370
In base 12, what is 6b - 4?
67
In base 6, what is 11 - -145?
200
In base 3, what is 221 - 1020202?
-1012211
In base 13, what is 28 - -54?
7c
In base 4, what is 12 + -333?
-321
In base 9, what is 2 - 26?
-24
In base 5, what is -212 - 3?
-220
In base 3, what is -1 - -210010?
210002
In base 12, what is -266 + -47?
-2b1
In base 7, what is 3 + 3645?
3651
In base 5, what is 130401 + 10?
130411
In base 16, what is 5e + 1?
5f
In base 4, what is -133 - -20?
-113
In base 6, what is -31 - -41?
10
In base 10, what is -3 + -76?
-79
In base 11, what is 131 + -7?
125
In base 15, what is 5 - 1e?
-19
In base 15, what is 1d + -1d?
0
In base 15, what is -232 - 0?
-232
In base 10, what is -3 - 5932?
-5935
In base 7, what is 0 - -213?
213
In base 2, what is 10010 + 11001?
101011
In base 10, what is -2 + 823?
821
In base 2, what is 110 + 1000110?
1001100
In base 6, what is -1 + -2?
-3
In base 6, what is -1 - 5155?
-5200
In base 16, what is 217f + -2?
217d
In base 9, what is -3 - 648?
-652
In base 14, what is 43 + -5d?
-1a
In base 16, what is -1f9 + -3?
-1fc
In base 5, what is 2 - 240?
-233
In base 15, what is -42 - 5?
-47
In base 4, what is 103 + -300?
-131
In base 9, what is 46118 - 2?
46116
In base 12, what is -3 - -1a4?
1a1
In base 14, what is 947 - -5?
94c
In base 3, what is -222012 + 1?
-222011
In base 2, what is -10101 - 11111001?
-100001110
In base 16, what is -3b1 - 1?
-3b2
In base 11, what is 4 + 29?
32
In base 2, what is 11 - -1010001001?
1010001100
In base 2, what is 1000010 - 100011?
11111
In base 6, what is 1532 + -113?
1415
In base 14, what is -c1 + -41?
-122
In base 3, what is -101 + -111020?
-111121
In base 8, what is -1 - 265?
-266
In base 2, what is -1001 - 10010?
-11011
In base 13, what is 434 + 5?
439
In base 10, what is 1 + 473?
474
In base 3, what is 10222 + -2?
10220
In base 3, what is 102 - 20?
12
In base 12, what is 5a57 - 3?
5a54
In base 3, what is 1 - -1011000?
1011001
In base 7, what is 0 - 261?
-261
In base 16, what is 0 - 580?
-580
In base 8, what is 21 + -11?
10
In base 8, what is 1546 + 1?
1547
In base 8, what is 31 - -301?
332
In base 2, what is 11000 + 101111?
1000111
In base 2, what is -110100100 - 1?
-110100101
In base 6, what is -12311 - -1?
-12310
In base 6, what is -1 + -140?
-141
In base 5, what is -442 - 2?
-444
In base 13, what is -1c + -36?
-55
In base 16, what is -15 - 28?
-3d
In base 10, what is 42 + 25?
67
In base 5, what is 3 + 2132?
2140
In base 7, what is 2 + -25022?
-25020
In base 12, what is -8 + -7?
-13
In base 11, what is -5 + -25?
-2a
In base 11, what is -2 - 52?
-54
In base 12, what is -b4 + 0?
-b4
In base 16, what is -131 - 2?
-133
In base 8, what is -134 + -2?
-136
In base 4, what is 2312 + -22?
2230
In base 13, what is 3a8 + 1?
3a9
In base 16, what is 7ae + 9?
7b7
In base 4, what is 11 + 1003?
1020
In base 11, what is -164 + -8?
-171
In base 12, what is -4 - 8?
-10
In base 10, what is 5 + -333?
-328
In base 7, what is -4 + 26?
22
In base 5, what is 21 - 221?
-200
In base 7, what is -1 + 4311?
4310
In base 6, what is -301 + 0?
-301
In base 8, what is -2 + -1056?
-1060
In base 7, what is 1112 + -2?
1110
In base 9, what is -34 + -200?
-234
In base 7, what is 65 - 520?
-422
In base 2, what is -11101111001010 - -10?
-11101111001000
In base 4, what is -1233 - 12?
-1311
In base 11, what is 3 + -264?
-261
In base 15, what is 2 - 196?
-194
In base 16, what is -f - a2?
-b1
In base 4, what is -1001 + 12?
-323
In base 2, what is -100001010 + 1110?
-11111100
In base 10, what is -2 - -845?
843
In base 7, what is 10 - 15?
-5
In base 11, what is -4 - 84?
-88
In base 9, what is 4135 - -5?
4141
In base 14, what is -31ad + 2?
-31ab
In base 11, what is 66 - -5?
70
In base 7, what is 2 - -6?
11
In base 11, what is -4 + -11?
-15
In base 11, what is -36 - 13?
-49
In base 5, what is 10 + 0?
10
In base 9, what is -527 - -1?
-526
In base 7, what is 3 - -122?
125
In base 10, what is 5 + 277?
282
In base 4, what is -1311 + 0?
-1311
In base 7, what is -2 + 24024?
24022
In base 13, what is -327 - 3?
-32a
In base 9, what is 27 - -12?
40
In base 5, what is 13030 + -1?
1302